{"id":741,"date":"2022-07-23T18:38:44","date_gmt":"2022-07-23T16:38:44","guid":{"rendered":"https:\/\/casadopomar.pt\/welcome-to-casa-do-pomar-portugues\/"},"modified":"2022-07-23T18:38:44","modified_gmt":"2022-07-23T16:38:44","slug":"welcome-to-casa-do-pomar-portugues","status":"publish","type":"page","link":"https:\/\/casadopomar.pt\/en\/welcome-to-casa-do-pomar-portugues\/","title":{"rendered":"Welcome to Casa do Pomar &#8211; Portugu\u00eas"},"content":{"rendered":"","protected":false},"excerpt":{"rendered":"","protected":false},"author":2,"featured_media":0,"parent":0,"menu_order":0,"comment_status":"closed","ping_status":"closed","template":"","meta":{"footnotes":""},"class_list":["post-741","page","type-page","status-publish","hentry"],"translation":{"provider":"WPGlobus","version":"3.0.2","language":"en","enabled_languages":["pt","en"],"languages":{"pt":{"title":true,"content":false,"excerpt":false},"en":{"title":false,"content":false,"excerpt":false}}},"jetpack-related-posts":[{"id":166,"url":"https:\/\/casadopomar.pt\/en\/contact\/","url_meta":{"origin":741,"position":0},"title":"Contact","author":"Lupi Clarke","date":"13. 11. 2018","format":false,"excerpt":"{:pt} Estamos sempre perto de ti, \u00e0 dist\u00e2ncia de um clique, um telefonema, ou mesmo de um passeio A Casa do Pomar fica localizada na Vila de Mafra apenas 10 minutos das fant\u00e1sticas praias da Ericeira.Este projeto nasceu da Simone, uma aventureira que adora viajar e conhecer novos lugares, novas\u2026","rel":"","context":"Similar post","block_context":{"text":"Similar post","link":""},"img":{"alt_text":"","src":"https:\/\/i0.wp.com\/casadopomar.pt\/wp-content\/uploads\/2022\/07\/casadopomar-1.png?fit=1200%2C800&ssl=1&resize=350%2C200","width":350,"height":200,"srcset":"https:\/\/i0.wp.com\/casadopomar.pt\/wp-content\/uploads\/2022\/07\/casadopomar-1.png?fit=1200%2C800&ssl=1&resize=350%2C200 1x, https:\/\/i0.wp.com\/casadopomar.pt\/wp-content\/uploads\/2022\/07\/casadopomar-1.png?fit=1200%2C800&ssl=1&resize=525%2C300 1.5x, https:\/\/i0.wp.com\/casadopomar.pt\/wp-content\/uploads\/2022\/07\/casadopomar-1.png?fit=1200%2C800&ssl=1&resize=700%2C400 2x, https:\/\/i0.wp.com\/casadopomar.pt\/wp-content\/uploads\/2022\/07\/casadopomar-1.png?fit=1200%2C800&ssl=1&resize=1050%2C600 3x"},"classes":[]},{"id":70,"url":"https:\/\/casadopomar.pt\/en\/welcome-to-palmeria-hotel\/get-in-touch\/","url_meta":{"origin":741,"position":1},"title":"Get in Touch","author":"Lupi Clarke","date":"13. 11. 2018","format":false,"excerpt":"{:pt} Entre em contacto connosco e fique deslumbrado com as surpresas que temos para si. D\u00ea uma espreitadela tamb\u00e9m nas nossas redes sociais deixe o seu coment\u00e1rio e fa\u00e7a a sua reserva!\u00a0 Agradecemos e apreciamos a sua opini\u00e3o e coment\u00e1rios! At\u00e9 j\u00e1! Morada R. do Pomar 3, 2640-577 Mafra, Portugal\u2026","rel":"","context":"Similar post","block_context":{"text":"Similar post","link":""},"img":{"alt_text":"","src":"https:\/\/i0.wp.com\/casadopomar.pt\/wp-content\/uploads\/2023\/03\/CASADOPOMAR-MAFRA-15.jpg?fit=1200%2C800&ssl=1&resize=350%2C200","width":350,"height":200,"srcset":"https:\/\/i0.wp.com\/casadopomar.pt\/wp-content\/uploads\/2023\/03\/CASADOPOMAR-MAFRA-15.jpg?fit=1200%2C800&ssl=1&resize=350%2C200 1x, https:\/\/i0.wp.com\/casadopomar.pt\/wp-content\/uploads\/2023\/03\/CASADOPOMAR-MAFRA-15.jpg?fit=1200%2C800&ssl=1&resize=525%2C300 1.5x, https:\/\/i0.wp.com\/casadopomar.pt\/wp-content\/uploads\/2023\/03\/CASADOPOMAR-MAFRA-15.jpg?fit=1200%2C800&ssl=1&resize=700%2C400 2x, https:\/\/i0.wp.com\/casadopomar.pt\/wp-content\/uploads\/2023\/03\/CASADOPOMAR-MAFRA-15.jpg?fit=1200%2C800&ssl=1&resize=1050%2C600 3x"},"classes":[]}],"jetpack_sharing_enabled":true,"_links":{"self":[{"href":"https:\/\/casadopomar.pt\/en\/wp-json\/wp\/v2\/pages\/741","targetHints":{"allow":["GET"]}}],"collection":[{"href":"https:\/\/casadopomar.pt\/en\/wp-json\/wp\/v2\/pages"}],"about":[{"href":"https:\/\/casadopomar.pt\/en\/wp-json\/wp\/v2\/types\/page"}],"author":[{"embeddable":true,"href":"https:\/\/casadopomar.pt\/en\/wp-json\/wp\/v2\/users\/2"}],"replies":[{"embeddable":true,"href":"https:\/\/casadopomar.pt\/en\/wp-json\/wp\/v2\/comments?post=741"}],"version-history":[{"count":0,"href":"https:\/\/casadopomar.pt\/en\/wp-json\/wp\/v2\/pages\/741\/revisions"}],"wp:attachment":[{"href":"https:\/\/casadopomar.pt\/en\/wp-json\/wp\/v2\/media?parent=741"}],"curies":[{"name":"wp","href":"https:\/\/api.w.org\/{rel}","templated":true}]}}

Welcome to Casa do Pomar &#8211; Português

{:pt} Estamos sempre perto de ti, à distância de um clique, um telefonema, ou mesmo de um passeio A Casa do Pomar fica localizada na Vila de Mafra apenas 10 minutos das fantásticas praias da Ericeira.Este projeto nasceu da Simone, uma aventureira que adora viajar e conhecer novos lugares, novas…

{:pt} Entre em contacto connosco e fique deslumbrado com as surpresas que temos para si. Dê uma espreitadela também nas nossas redes sociais deixe o seu comentário e faça a sua reserva!  Agradecemos e apreciamos a sua opinião e comentários! Até já! Morada R. do Pomar 3, 2640-577 Mafra, Portugal…
